Let w be b(-15). What is the greatest common divisor of 12 and w?
12
Let b(j) = j**3 + j**2 - 40*j + 77. Let f be b(2). What is the highest common divisor of f and 1767?
3
Suppose -20*v + 2447 = -11313. Suppose 3 = m - 40. Calculate the greatest common factor of m and v.
43
Let s(y) be the third derivative of 157*y**4/24 + 17*y**3/3 - 3*y**2 + 13. Let l be s(2). Calculate the greatest common factor of l and 12.
12
Suppose 2*k = -3*r + 26, 31 = k + 30. What is the greatest common factor of 1112 and r?
8
Let b(a) = -a**2 + 3*a + 12. Let d be b(-12). Let u be (-9366)/d - (-2)/8. What is the highest common divisor of u and 8?
8
Suppose 108*u - 246*u = -1380. What is the highest common divisor of 15710 and u?
10
Suppose -2*r = v, -3*r - 3*v = -2*v - 2. Suppose -r*u = -7*u + 2030. What is the greatest common factor of u and 14?
14
Let c(v) = 19*v**3 + 18*v**2 + 17*v + 1. Let y be c(5). What is the greatest common divisor of 82 and y?
41
Let w be (5*(-198)/(-120))/((-3)/(-4 + -3224)). Calculate the highest common divisor of w and 33.
33
Suppose 110 = 22*n - 11*n. Suppose n*p - 1255 + 385 = 0. Calculate the greatest common divisor of p and 12.
3
Suppose i = b - 0*i + 11, 4*i - 26 = b. Let z(k) = k**2 - 26. Let o be z(b). What is the highest common divisor of o and 110?
10
Let a = 22020 + -21716. What is the greatest common factor of 1748 and a?
76
Let r(z) = 5*z**3 - z**2 - 7*z + 20. Let q be r(2). Calculate the highest common divisor of 749 and q.
7
Suppose 77*q - 87908 = 424142. Calculate the highest common divisor of q and 56.
14
Let u be (-2)/(-3)*(3 - 297/18). Let b(t) = -49*t + 36. Let x be b(u). What is the highest common divisor of x and 9?
9
Suppose 3*f - 5*r = 135159, 464*r - 18 = 462*r. What is the greatest common factor of 76 and f?
76
Let n(f) = -119*f - 2374. Let g be n(-21). What is the greatest common factor of 305 and g?
5
Let q(b) = -b**3 + 8*b**2 + 8*b - 11. Let c be q(9). Let k(g) = -4*g - 8. Let w be k(6). Let n be 5/2*w/c. Calculate the highest common divisor of n and 4.
4
Let q be (-5920)/(-30) - ((-7)/(-3) + -3). Let t = 200 - q. What is the highest common divisor of t and 46?
2
Let z(c) = c**3 - 12*c**2 - 14*c + 13. Let g be z(13). Let w = 25 - g. Suppose v - 30 - w = 0. Calculate the greatest common factor of v and 22.
11
Let p = -11863 - -11869. Calculate the highest common divisor of p and 10134.
6
Suppose 48 = -5*o + 17*o. Let y(h) = h**3 - 7*h**2 + 10*h + 8. Let a be y(6). Calculate the highest common divisor of o and a.
4
Let f = -51 + 75. Let x be (1200/64)/25*8/6 + 2. Calculate the greatest common factor of x and f.
3
Suppose 5*c - 98 = 2*y + 176, -2*y = -6. Calculate the greatest common divisor of c and 13384.
56
Let g be -6 - ((-2)/3)/((-7183)/1437 + 5). Calculate the highest common divisor of g and 172.
43
Let b(q) = 9*q**3 - 42*q**2 - 2*q + 90. Let a be b(10). What is the highest common divisor of 10 and a?
10
Let p(c) be the first derivative of 0*c**3 + 3*c + 21 + 1/2*c**2 + 1/4*c**4. Let y be p(-1). Calculate the highest common factor of y and 1.
1
Let z = 101 - 97. Suppose -z*w + 84 = 2*w. Let b = 12 - 5. Calculate the highest common divisor of w and b.
7
Let q = 5354 + -5334. What is the highest common factor of 635 and q?
5
Let k(y) = 301*y + 906. Let p be k(-2). What is the greatest common factor of p and 3800?
152
Let y(p) = p**2 - 14*p + 47. Let j be y(5). Suppose -2*d = 3*v + 2*d - 227, -v + 77 = j*d. Let c = -70 + v. Calculate the highest common factor of c and 3.
3
Let j = 29 - -27. Let b = -5941 - -5957. What is the highest common factor of b and j?
8
Suppose 9*q + 9 = 10*q. Suppose -12 + 1 = 2*b + 5*z, 0 = -z - 3. Suppose 0 = -k - 3, -f - 456 = -6*f + b*k. Calculate the highest common divisor of q and f.
9
Suppose 0 = -2*g + 8*g - 30. Suppose -v = -2*p + 2 - 35, g*p = 20. Let j = v - -14. What is the greatest common factor of 44 and j?
11
Let n be (-2)/(-2) - (-570)/6. Let y be n - 8*(-7)/14. What is the greatest common divisor of 75 and y?
25
Let v(a) = 4*a**2 - 470*a + 4 + 6*a**3 + 231*a + 234*a. Suppose 0 = -u - 3 + 6. Let m be v(u). Calculate the highest common factor of 17 and m.
17
Let s(d) = -29 - 29 + d + 6 - 5*d. Let t(p) = p - 14. Let c be t(0). Let i be s(c). What is the highest common factor of 12 and i?
4
Suppose -5*k + 26 = -99. Suppose 1105 = k*h - 20*h. Let q = -40 - -57. Calculate the greatest common factor of h and q.
17
Suppose -4*y - l + 28 = 0, 3*l - 34 = -4*y - 14. Suppose -8*c + 20*c = -18*c. Suppose -8*z + 18*z - 640 = c. What is the highest common factor of y and z?
8
Let z be (-45 - 43335/(-189))/((-9)/(-42)). Let a = -33 - -53. What is the highest common divisor of z and a?
20
Let m(p) = -14*p**3 - 99*p**2 - 8*p. Let k be m(-7). Let o = 10 + -10. Suppose 105 = -o*d + 3*d. Calculate the highest common divisor of d and k.
7
Let l(w) = -3530*w**2 + 6*w. Let u be l(3). Let j be u/(-637) - 2/(-13). What is the greatest common factor of j and 20?
10
Suppose -t + o + 50 = 4*t, t = o + 14. Let z be 1/(t/(-8323)) - (-4)/(-18). Let w be 2/(-8) - (z/(-20))/(-5). Calculate the greatest common divisor of 90 and w.
9
Let y = 98 - -224. Suppose 0 = 6*o - 7*o - p + 66, -3*p = 5*o - y. What is the highest common divisor of 4 and o?
2
Let x(t) = -t + 15. Suppose 0 = -g + 3*o + 21, g - 1 - 24 = 4*o. Let k be x(g). Let i be 4/((-28)/15 + 2). What is the highest common factor of i and k?
6
Let z be 6 + (7/3 - 1)*540/40. Calculate the highest common factor of 50 and z.
2
Let y = -7368 - -7464. Calculate the greatest common factor of y and 1470.
6
Suppose -40 = -3*w + 7*w. Let s be (-1)/(((4 + -1)/3)/(-5)). Let c be s/w*8 - -244. Calculate the greatest common factor of c and 48.
48
Let g(n) = 2*n**3 - 70*n**2 - n + 155. Let y = -378 - -413. Let l be g(y). Calculate the greatest common factor of 60 and l.
60
Let i = -38 - -76. Let o(b) = -b**2 - 3*b + 13. Let a be o(-5). Suppose a*p + 965 = 5*n, -2*n + n + 205 = -3*p. Calculate the highest common factor of n and i.
38
Let f = 80 - -1. Let m(w) = -w**2 + 9*w + 19. Let c be m(10). Calculate the highest common factor of c and f.
9
Let f(k) = 17*k**2 + 92*k - 5. Let r be f(-6). Suppose 0 = -88*m + 77*m + r. Suppose -3*b + 205 = 55. What is the greatest common divisor of b and m?
5
Let t = 9715 - 9707. Calculate the greatest common factor of t and 1004.
4
Suppose 0 = -5*g + 7*g + 2, 2*l - 3*g - 203 = 0. Suppose -2*x = -7*x + l. Calculate the highest common divisor of 50 and x.
10
Let l = 27 + -11. Suppose 31 + l = 2*q - h, 4*q - 4*h = 104. Suppose 21 = -3*i + 10*i. Calculate the highest common factor of q and i.
3
Let s = -24701 + 25326. Calculate the greatest common factor of s and 2250.
125
Let b(s) = 13*s + 1010. Let q be b(-70). What is the greatest common factor of 16000 and q?
100
Let k(v) = 2*v**3 - 119*v**2 + 75*v + 93. Let r be k(59). What is the highest common factor of 183 and r?
61
Let p(d) = 20*d**2 + 976*d - 139. Let g be p(-49). What is the highest common factor of g and 5776?
19
Suppose -4 = -t - 2*d, -3*d - 16 = -4*t - 4*d. Suppose -1151 = -5*a - p, t*a - 3*p - 1480 = -544. What is the highest common factor of 21 and a?
21
Suppose o + 160 = -0*o. Let d = -52 - o. Let r be (2856/272)/((-21)/(-48)). Calculate the highest common divisor of d and r.
12
Let r = -53 + 31. Let j = r + 27. Suppose 0 = 2*h + j*q - 89, 5*h + 5*q - 61 = 154. Calculate the greatest common factor of h and 21.
21
Let g be (20/((-160)/354))/(6/(-32)). Suppose -g = -a + 3*u + 65, -1553 = -5*a - u. Calculate the highest common divisor of a and 20.
10
Suppose -t - 5*r = -4582, 26*r - 31*r = 3*t - 13786. What is the greatest common divisor of 1770 and t?
354
Suppose -3*i + 2*n + 25 = 0, -3*i + 15*n + 27 = 12*n. Let l be (-25 - -1)*(2 + 4 - i). What is the highest common factor of l and 12?
12
Let m = -43313 + 43378. Let s be (-2)/8 + (-53)/(-4). Calculate the highest common divisor of m and s.
13
Let q = 9 - 7. Suppose 2*z + 11 = 5*u - q*z, -3*z = -2*u + 3. Suppose u*n = -3*n + 60. Calculate the greatest common divisor of 40 and n.
10
Let u(k) = 339*k + 39. Let v be u(4). Suppose -28*p - v = -33*p. What is the highest common divisor of p and 9?
9
Let f be (4 + -37 + 15)*(-2)/6. Suppose 2*l = 5*s - 2*s - 460, -4*s - l + 628 = 0. Calculate the highest common factor of f